{"id":258,"date":"2019-01-11T13:32:39","date_gmt":"2019-01-11T13:32:39","guid":{"rendered":"http:\/\/democontent.codex-themes.com\/sites\/portfolio-light\/my-blog-2\/"},"modified":"2025-09-11T12:09:16","modified_gmt":"2025-09-11T10:09:16","slug":"contact-me","status":"publish","type":"page","link":"https:\/\/airdesign.tn\/?page_id=258","title":{"rendered":"Contact"},"content":{"rendered":"<div class=\"wpb-content-wrapper\"><p>[vc_row][vc_column width=\u00a0\u00bb2\/3&Prime;][vc_gmaps link=\u00a0\u00bb#E-8_JTNDaWZyYW1lJTIwc3JjJTNEJTIyaHR0cHMlM0ElMkYlMkZ3d3cuZ29vZ2xlLmNvbSUyRm1hcHMlMkZlbWJlZCUzRnBiJTNEJTIxMW0xOCUyMTFtMTIlMjExbTMlMjExZDMxOTMuMzkzNTQ1Mzg4NDgyJTIxMmQxMC4yMzU0MDc3MTQ2OTU1MjYlMjEzZDM2LjgzMzA0NzU3MzU1MDc2JTIxMm0zJTIxMWYwJTIxMmYwJTIxM2YwJTIxM20yJTIxMWkxMDI0JTIxMmk3NjglMjE0ZjEzLjElMjEzbTMlMjExbTIlMjExczB4MTJmZDM1MTU1MmI1NDZmMyUyNTNBMHhjZjliZDUzNGY5NTBkNTZlJTIxMnNSdWUlMkJkdSUyQkxhYyUyQkJpd2ElMjUyQyUyQlR1bmlzJTIxNWUwJTIxM20yJTIxMXNmciUyMTJzdG4lMjE0djE1MTU1ODAwNDIwODAlMjIlMjB3aWR0aCUzRCUyMjEwMCUyNSUyMiUyMGhlaWdodCUzRCUyMjM2OCUyMiUyMGZyYW1lYm9yZGVyJTNEJTIyMCUyMiUyMHN0eWxlJTNEJTIyYm9yZGVyJTNBMCUyMiUyMGFsbG93ZnVsbHNjcmVlbiUzRSUzQyUyRmlmcmFtZSUzRQ==\u00a0\u00bb css=\u00a0\u00bb\u00a0\u00bb][\/vc_column][vc_column width=\u00a0\u00bb1\/3&Prime;]\n<div class=\"wpcf7 no-js\" id=\"wpcf7-f572-o1\" lang=\"en-US\" dir=\"ltr\" data-wpcf7-id=\"572\">\n<div class=\"screen-reader-response\"><p role=\"status\" aria-live=\"polite\" aria-atomic=\"true\"><\/p> <ul><\/ul><\/div>\n<form action=\"\/index.php?rest_route=%2Fwp%2Fv2%2Fpages%2F258#wpcf7-f572-o1\" method=\"post\" class=\"wpcf7-form init gem-contact-form-white\" aria-label=\"Contact form\" novalidate=\"novalidate\" data-status=\"init\">\n<fieldset class=\"hidden-fields-container\"><input type=\"hidden\" name=\"_wpcf7\" value=\"572\" \/><input type=\"hidden\" name=\"_wpcf7_version\" value=\"6.1.2\" \/><input type=\"hidden\" name=\"_wpcf7_locale\" value=\"en_US\" \/><input type=\"hidden\" name=\"_wpcf7_unit_tag\" value=\"wpcf7-f572-o1\" \/><input type=\"hidden\" name=\"_wpcf7_container_post\" value=\"0\" \/><input type=\"hidden\" name=\"_wpcf7_posted_data_hash\" value=\"\" \/>\n<\/fieldset>\n<div class=\"contact-form row\">\n\t<div class=\"form-line col-lg-12\"><span class=\"wpcf7-form-control-wrap\" data-name=\"your-name\"><input size=\"40\" maxlength=\"400\" class=\"wpcf7-form-control wpcf7-text wpcf7-validates-as-required\" aria-required=\"true\" aria-invalid=\"false\" placeholder=\"Nom*\" value=\"\" type=\"text\" name=\"your-name\" \/><\/span><\/div>\n\n\t<div class=\"form-line col-lg-12\"><span class=\"wpcf7-form-control-wrap\" data-name=\"your-email\"><input size=\"40\" maxlength=\"400\" class=\"wpcf7-form-control wpcf7-email wpcf7-validates-as-required wpcf7-text wpcf7-validates-as-email\" aria-required=\"true\" aria-invalid=\"false\" placeholder=\"Email*\" value=\"\" type=\"email\" name=\"your-email\" \/><\/span><\/div>\n\t<div class=\"form-line col-lg-12\"><span class=\"wpcf7-form-control-wrap\" data-name=\"your-subject\"><input size=\"40\" maxlength=\"400\" class=\"wpcf7-form-control wpcf7-text wpcf7-validates-as-required\" aria-required=\"true\" aria-invalid=\"false\" placeholder=\"Sujet*\" value=\"\" type=\"text\" name=\"your-subject\" \/><\/span><\/div>\n\n\t<div class=\"form-line col-lg-12\"><span class=\"wpcf7-form-control-wrap\" data-name=\"your-message\"><textarea cols=\"40\" rows=\"10\" maxlength=\"2000\" class=\"wpcf7-form-control wpcf7-textarea wpcf7-validates-as-required\" aria-required=\"true\" aria-invalid=\"false\" placeholder=\"Message\" name=\"your-message\"><\/textarea><\/span><\/div>\n\n        <div class=\"col-lg-12\"><style type=\"text\/css\">.thegem-button-69dedcedb21f04189 .gem-button svg {fill: #FFFFFFFF;}.thegem-button-69dedcedb21f04189 .gem-button:hover svg {fill: #FFFFFFFF;}<\/style><div class=\"gem-button-container gem-button-position-fullwidth thegem-button-69dedcedb21f04189\"  ><input class=\"gem-button gem-button-size-medium gem-button-style-flat gem-button-text-weight-normal wpcf7-form-control wpcf7-submit has-spinner gem-button-wpcf-custom\" data-ll-effect=\"drop-right-without-wrap\" style=\"border-radius: 0px;background-color: #B6C6C9FF;color: #FFFFFFFF;\" onmouseleave=\"this.style.backgroundColor='#B6C6C9FF';this.style.color='#FFFFFFFF';\" onmouseenter=\"this.style.backgroundColor='#3C3950FF';this.style.color='#FFFFFFFF';\" id=\"\" tabindex=\"\" type=\"submit\" value=\"Envoyer\" \/><\/div> <\/div>\n<\/div><div class=\"wpcf7-response-output\" aria-hidden=\"true\"><\/div>\n<\/form>\n<\/div>\n[\/vc_column][\/vc_row][vc_row el_class=\u00a0\u00bb.wpb_widgetised_column\u00a0\u00bb css=\u00a0\u00bb.vc_custom_1741088968502{padding-bottom: 50px !important;}\u00a0\u00bb][vc_column width=\u00a0\u00bb1\/2&Prime; offset=\u00a0\u00bbvc_col-lg-3 vc_col-md-3&Prime;]<div class=\"gem-image gem-wrapbox gem-wrapbox-style-default gem-wrapbox-position-left  thegem-custom-69dedcedb26615533\"  style=\"\" ><div class=\"gem-wrapbox-inner \" ><img class=\"gem-wrapbox-element img-responsive\" src=\"https:\/\/airdesign.tn\/wp-content\/uploads\/2025\/03\/logo-site.png\" alt=\"Air Design Tunisie\"\/><\/div><\/div>[\/vc_column][vc_column width=\u00a0\u00bb1\/2&Prime; offset=\u00a0\u00bbvc_col-lg-3 vc_col-md-3&Prime;][vc_column_text css=\u00a0\u00bb\u00a0\u00bb]<\/p>\n<div class=\"gem-contacts-item gem-contacts-address\">Adresse:<\/div>\n<div class=\"gem-contacts-item\"><a href=\"https:\/\/maps.app.goo.gl\/Yn6apVJ5fjqXvs1AA\" target=\"_blank\" rel=\"noopener\">3<sup>\u00e8me<\/sup> \u00e9tage, R\u00e9sidence les 4R,<\/a><\/div>\n<div class=\"gem-contacts-item\">Rue Lac Lochness, Berges du Lac,<\/div>\n<div class=\"gem-contacts-item\">Tunis, Tunisie<\/div>\n<p>[\/vc_column_text][\/vc_column][vc_column width=\u00a0\u00bb1\/2&Prime; offset=\u00a0\u00bbvc_col-lg-3 vc_col-md-3&Prime;][vc_column_text css=\u00a0\u00bb\u00a0\u00bb]<\/p>\n<div class=\"gem-contacts-item gem-contacts-phone\">T\u00e9l\u00e9phone: <a style=\"color: #5f727f;\" href=\"tel:+21671656081\">+ (216) 71 656 081<\/a> \/ <a style=\"color: #5f727f;\" href=\"tel:+21650533003\">+ (216) 50 533 003<\/a><\/div>\n<div class=\"gem-contacts-item gem-contacts-email\">Email: <a href=\"mailto:stage@airdesign.tn\">stage@airdesign.tn<\/a><br \/>\n<a href=\"mailto:job@airdesign.tn\">\u00a0 \u00a0 \u00a0 \u00a0 \u00a0 \u00a0 \u00a0 \u00a0 \u00a0 \u00a0 \u00a0 \u00a0job@airdesign.tn<\/a><br \/>\n<a href=\"mailto:info@airdesign.tn\">\u00a0 \u00a0 \u00a0 \u00a0 \u00a0 \u00a0 \u00a0 \u00a0 \u00a0 \u00a0 \u00a0 \u00a0info@airdesign.tn<\/a><\/div>\n<p>[\/vc_column_text][\/vc_column][vc_column width=\u00a0\u00bb1\/2&Prime; offset=\u00a0\u00bbvc_col-lg-3 vc_col-md-3&Prime;][vc_column_text]<\/p>\n<div class=\"gem-contacts-item gem-contacts-whours\">Heures de travail:<\/div>\n<div class=\"gem-contacts-item\">Lundi-Vendredi: 9:00 \u2013 18:00<\/div>\n<div class=\"gem-contacts-item\">Samedi-Dimanche: Ferm\u00e9<\/div>\n<p>[\/vc_column_text][\/vc_column][\/vc_row]<\/p>\n<\/div>","protected":false},"excerpt":{"rendered":"<p>[vc_row][vc_column width=\u00a0\u00bb2\/3&Prime;][vc_gmaps link=\u00a0\u00bb#E-8_JTNDaWZyYW1lJTIwc3JjJTNEJTIyaHR0cHMlM0ElMkYlMkZ3d3cuZ29vZ2xlLmNvbSUyRm1hcHMlMkZlbWJlZCUzRnBiJTNEJTIxMW0xOCUyMTFtMTIlMjExbTMlMjExZDMxOTMuMzkzNTQ1Mzg4NDgyJTIxMmQxMC4yMzU0MDc3MTQ2OTU1MjYlMjEzZDM2LjgzMzA0NzU3MzU1MDc2JTIxMm0zJTIxMWYwJTIxMmYwJTIxM2YwJTIxM20yJTIxMWkxMDI0JTIxMmk3NjglMjE0ZjEzLjElMjEzbTMlMjExbTIlMjExczB4MTJmZDM1MTU1MmI1NDZmMyUyNTNBMHhjZjliZDUzNGY5NTBkNTZlJTIxMnNSdWUlMkJkdSUyQkxhYyUyQkJpd2ElMjUyQyUyQlR1bmlzJTIxNWUwJTIxM20yJTIxMXNmciUyMTJzdG4lMjE0djE1MTU1ODAwNDIwODAlMjIlMjB3aWR0aCUzRCUyMjEwMCUyNSUyMiUyMGhlaWdodCUzRCUyMjM2OCUyMiUyMGZyYW1lYm9yZGVyJTNEJTIyMCUyMiUyMHN0eWxlJTNEJTIyYm9yZGVyJTNBMCUyMiUyMGFsbG93ZnVsbHNjcmVlbiUzRSUzQyUyRmlmcmFtZSUzRQ==\u00a0\u00bb css=\u00a0\u00bb\u00a0\u00bb][\/vc_column][vc_column width=\u00a0\u00bb1\/3&Prime;][\/vc_column][\/vc_row][vc_row el_class=\u00a0\u00bb.wpb_widgetised_column\u00a0\u00bb css=\u00a0\u00bb.vc_custom_1741088968502{padding-bottom: 50px !important;}\u00a0\u00bb][vc_column width=\u00a0\u00bb1\/2&Prime; offset=\u00a0\u00bbvc_col-lg-3 vc_col-md-3&Prime;][\/vc_column][vc_column width=\u00a0\u00bb1\/2&Prime; offset=\u00a0\u00bbvc_col-lg-3 vc_col-md-3&Prime;][vc_column_text css=\u00a0\u00bb\u00a0\u00bb] Adresse: 3\u00e8me \u00e9tage, R\u00e9sidence&#8230;<\/p>\n","protected":false},"author":3,"featured_media":0,"parent":0,"menu_order":0,"comment_status":"closed","ping_status":"closed","template":"","meta":{"_sitemap_exclude":false,"_sitemap_priority":"","_sitemap_frequency":"","slim_seo":{"title":"Contactez Air Design : Votre agence d'architecture d'int\u00e9rieur en Tunisie","description":"Besoin d'un architecte d'int\u00e9rieur en Tunisie ? Contactez Air Design pour discuter de vos projets de r\u00e9novation, d'am\u00e9nagement ou d'extension. Nos experts vous r\u00e9pondent du lundi au vendredi"},"footnotes":""},"class_list":["post-258","page","type-page","status-publish"],"_links":{"self":[{"href":"https:\/\/airdesign.tn\/index.php?rest_route=\/wp\/v2\/pages\/258","targetHints":{"allow":["GET"]}}],"collection":[{"href":"https:\/\/airdesign.tn\/index.php?rest_route=\/wp\/v2\/pages"}],"about":[{"href":"https:\/\/airdesign.tn\/index.php?rest_route=\/wp\/v2\/types\/page"}],"author":[{"embeddable":true,"href":"https:\/\/airdesign.tn\/index.php?rest_route=\/wp\/v2\/users\/3"}],"replies":[{"embeddable":true,"href":"https:\/\/airdesign.tn\/index.php?rest_route=%2Fwp%2Fv2%2Fcomments&post=258"}],"version-history":[{"count":8,"href":"https:\/\/airdesign.tn\/index.php?rest_route=\/wp\/v2\/pages\/258\/revisions"}],"predecessor-version":[{"id":2656,"href":"https:\/\/airdesign.tn\/index.php?rest_route=\/wp\/v2\/pages\/258\/revisions\/2656"}],"wp:attachment":[{"href":"https:\/\/airdesign.tn\/index.php?rest_route=%2Fwp%2Fv2%2Fmedia&parent=258"}],"curies":[{"name":"wp","href":"https:\/\/api.w.org\/{rel}","templated":true}]}}